14*w + 2. Let d be l(z). Let s(h) = 2*h**2 - 10*h + 3. Is s(d) prime?
False
Let v be -30 - -28 - (1 + -20). Suppose 3231 = -v*j + 18140. Is j prime?
True
Let g be (-4)/((-2)/(-1)) - -116. Let l(i) = 9*i**2 + 10*i - 1. Let h be l(4). Let j = h - g. Is j prime?
False
Suppose -5*o + z - 19 = 0, -z - 10 = 3*o - 5. Is ((-1)/(3/1392) - o)*-5 a prime number?
False
Suppose 7*n - 19 = 9. Suppose -s + g = -1764, n*s - 3*g - 2461 = 4593. Suppose s = 2*y - 4*z, -130 = 5*y - 4*z - 4553. Is y a composite number?
False
Let l(w) = 2*w**2 + 8*w + 22. Let g be l(-9). Let z = g - 123. Is (z/((-66)/(-3452)))/(2/(-3)) a prime number?
True
Suppose -28*j + 25*j - 35397 = 0. Let s = j - -21388. Is s a prime number?
False
Suppose 0 = -4*y - 0*y. Suppose 0 = -5*v + 4*w + 3329, -21*v - w + 2680 = -17*v. Suppose 2*j + s - 1348 = 0, j + y*j - 2*s - v = 0. Is j prime?
True
Suppose 122*d = 137*d - 992535. Is d a prime number?
True
Let m(t) = t**3 + 12*t**2 + 23*t + 15. Let j be m(-10). Let h be 3/(9/4)*j/(-10). Is -2*4202/(-4) - h a prime number?
True
Suppose y - v - 365758 - 87789 = 0, 2*y + 2*v - 907118 = 0. Is y a composite number?
False
Let c(b) = 229*b - 24. Is c(5) a composite number?
True
Let i(b) = 68*b**2 + 7*b + 94. Suppose -15*c + 82 = 217. Is i(c) prime?
False
Let r = -1475774 - -2261397. Is r composite?
False
Let g = -631495 + 1016108. Is g prime?
False
Let n = -3 - 7. Let w be (-1)/2 + (-275)/n - -1. Suppose -17*v = -13*v - w. Is v prime?
True
Let p be ((-57)/(-21) - 3) + 37/7. Suppose -p*h - 3*f = 1506 - 7087, -3*h - f + 3347 = 0. Is h composite?
True
Let r(b) = 1703*b + 78. Let s be r(-11). Let x = -10470 - s. Is x prime?
False
Suppose -4*c + 5 = -5*z, 4*z = 5*c + 7*z - 34. Suppose 2*j = -c*j + 5019. Is j a composite number?
True
Let y(l) be the first derivative of l**4/4 + 6*l**3 + 5*l**2/2 - 3*l + 1. Let i be (-10*3/15)/(4/34). Is y(i) a prime number?
False
Let n(j) = 203*j**2 + 25*j + 57. Let c(t) = 143*t**2 + 17*t + 38. Let q(b) = 16*c(b) - 11*n(b). Let v = 0 - 3. Is q(v) prime?
False
Suppose 49*m + 139*m = 33484116. Is m a composite number?
True
Let q(c) = 451 - 142*c - 365 + 9*c - 62*c. Is q(-19) a prime number?
False
Let g = -6704 - -12501. Suppose -27027 = -5*l + 4*m + 1936, l - g = 3*m. Is l prime?
True
Is (2054/(351/27))/((-4)/(-10774)) prime?
False
Suppose 0*q - 4*d - 152 = 4*q, 3*q - 4*d = -100. Let s = q + 22253. Is s prime?
False
Suppose 0 = 39*u - 70*u + 93. Suppose -3*p + 7 = -2. Suppose -5*m = p*w + u - 672, 2*m = 3*w - 669. Is w prime?
True
Suppose 8*f - 7*f + 6915 = -5*o, -3*f = 4*o + 5532. Let p = 5176 + o. Is p a prime number?
True
Let l(p) = 23 - 29*p**3 + 11*p**3 + 13*p**3 + 4*p - 5*p**2. Is l(-6) a prime number?
False
Suppose 2*h - 19 = t - 3, -3*t + 22 = 4*h. Let j be (-30225)/(-12) - (7/(-4))/h. Suppose m - j = -4*y, 0*m + 15 = 5*m. Is y a prime number?
False
Let v = -14 - -19. Let k be (-4)/(-10) - (-13)/v. Suppose k*f + f = 10012. Is f a prime number?
True
Is (5 + 314808/16)/((-3)/(-6)) composite?
True
Let t = 332 + -335. Let i(x) = -x**3 + 3*x + 0 + 0*x**3 + 1. Is i(t) a composite number?
False
Suppose 35*h + 2*s + 9846542 = 39*h, 5*h = s + 12308182. Is h a prime number?
True
Let g be (-60)/150 - (-2)/(-10)*-47. Let y(k) = -11 - g + 39 + 158*k. Is y(3) prime?
False
Let x = 27388 + -10425. Is x a composite number?
False
Suppose -3 = 3*g, 18*i + 9*g - 11*g = 4984040. Is i a prime number?
False
Suppose -2351*c = -2355*c + 2734844. Is c a prime number?
False
Let g = -1877 + 3407. Suppose -11*b + 1022 = -9*b - 4*y, 3*b - 3*y = g. Is b a composite number?
False
Let k = 64167 + -5690. Is k composite?
False
Let d be 1 - 9/3 - -79. Suppose -80*l + 19428 = -d*l. Suppose 0 = b + 3, -5*b = 5*p - 2*b - l. Is p prime?
True
Let t = -2375 - -2380. Suppose 4*o = 4*k + 4, k - 2*o - 3*o + 21 = 0. Suppose t*q - 20 = 0, 2*r = k*q - 9*q + 814. Is r prime?
True
Suppose -q + 162 = 5*q. Let t(l) = l**2 - 5*l - 67. Is t(q) a prime number?
False
Suppose -1989234 - 2099912 - 455901 = -13*n. Is n a prime number?
False
Let r(y) = 1196*y - 32. Let t be r(3). Suppose -11*w - t = -15*w. Is w a composite number?
True
Let x(b) = 491*b**2 - 6*b - 14. Suppose 12 = -4*m + 6*f - f, 0 = -3*m - 3*f - 9. Is x(m) prime?
True
Let r(a) = 12*a + 93. Let k be r(-4). Is (112245/k)/(0 + 3/9) a composite number?
True
Suppose -366*t - 1334401 = -3*n - 370*t, -3*n = -5*t - 1334338. Is n prime?
True
Let u(a) = 430*a**2 + 15*a - 873. Is u(16) a composite number?
True
Suppose 3*l + d - 514490 = 0, 466830 + 219187 = 4*l - 3*d. Is l a prime number?
False
Suppose 7*d = 26*d + 29*d - 14910096. Is d prime?
True
Let i(g) = -26*g + 25. Let k be i(-15). Let m be k/10 - (-1)/2. Suppose 4*x - 2*t - 60 = 2*t, 5*t - m = -4*x. Is x prime?
True
Is -7 + 2278/306 - 19087138/(-18) a composite number?
True
Suppose 42*m = 3 - 3. Suppose m = 25*k - 5574 - 8201. Is k prime?
False
Let l = 696 - 692. Suppose 16*g + 68939 = l*a + 19*g, -4*a = g - 68929. Is a a prime number?
True
Let m(n) = n**2 - 8*n - 4. Let b be m(9). Suppose -b*w + 7065 + 860 = 0. Is w prime?
False
Let i(z) = 325*z + 64. Is i(3) a composite number?
False
Let a = 16543 + 58936. Is a prime?
True
Let s(h) = 2*h + 5. Let b(g) = g**2 - 5*g - 16. Let l(j) = 2*b(j) + 7*s(j). Let o be l(-3). Suppose 0 = o*t - 10*t + 887. Is t prime?
True
Suppose -4*o + 2*o - 2*v = 4, 3*o - v - 2 = 0. Suppose 0 = -16*t - 126 + 62. Is t - ((o - 2) + -1591) a composite number?
True
Suppose 1993809 = 178*t - 3693469. Is t a composite number?
True
Let c(h) = 603*h**2 - 6*h - 1. Let r be c(-4). Suppose 7*t - r = -2*a + 10*t, -4*a = -3*t - 19333. Is a a composite number?
False
Let z(j) = -j**3 + 2*j**2 + 3*j. Let x be z(4). Let f be (18/15)/((-6)/x). Suppose 10 = -f*u - 6, 0 = -4*o + 2*u + 444. Is o prime?
True
Let f(v) = -v**3 + v**2 - v + 1. Let u(b) = -37*b**3 - 9*b**2 - 12*b - 16. Let p(d) = -3*f(d) + u(d). Is p(-6) a prime number?
True
Let l = -360 - -171. Let o = 398 + l. Is o composite?
True
Suppose 4*g - 3*y = 2*g, -2*g - 2*y = 10. Let w be (g/(-6))/(1/8). Suppose -3*b + 763 = w*c, b - 4*c + 80 = 313. Is b a prime number?
False
Let u be (-395)/(-4) - 3/(-12). Let d = 802 - 824. Let y = u + d. Is y a prime number?
False
Suppose -13*z = -32*z + 61769. Is z prime?
True
Let a = -5195 + 9721. Let w = -1515 + a. Is w composite?
False
Is (((-6)/(-8))/(126/(-28)))/((-16)/34717152) prime?
True
Suppose 5*w - 2*w - 50 = -5*v, 40 = 5*v + w. Let b be (3 - 1)/(v - 6). Suppose 0 = -b*r - 3*r + 3*c + 15665, 0 = 3*c. Is r a prime number?
False
Let t(l) = 146*l**2 + 19*l - 73. Let d = 112 + -106. Is t(d) a prime number?
True
Let o(l) = -2*l**3 - 6*l**2 + 3*l - 12. Let p be o(-7). Suppose 3*q - p = -2*y - 0*q, -5*q = -2*y + 319. Suppose 7*f + y = 9*f. Is f a prime number?
False
Suppose 5*k + 2*v = 879451, 0 = 2*k - 2*v - 542327 + 190541. Is k a prime number?
True
Let i = -40 + 43. Suppose -5*o - 2*z = i*z, z - 8 = 3*o. Is -6 + 1024 + (o - -2) a composite number?
True
Is 44146*(-13)/(-18) + 58/(-261) prime?
True
Suppose -60831 + 4269 = -22*g. Let w = g + -1490. Is w a prime number?
False
Let m = 121 + -65. Suppose 3*t - 193 - m = 0. Let g = 122 - t. Is g composite?
True
Is 38 + 14 + -58 - (1 - 218252) a prime number?
False
Suppose 14*h = 8*h - 4350. Let o = h - -1603. Suppose 2*q - 956 = o. Is q prime?
False
Suppose 19 = -0*i + 4*i + 5*y, -y = 3*i - 17. Suppose -5262 = -0*j - i*j. Is j composite?
False
Is 7*(-5)/(-105)*23691 prime?
False
Suppose 9*f + 2*m = 12078015, -6 + 36 = -5*m. Is f a composite number?
True
Let n = 188 + 205. Suppose -n*t + 389*t + 212 = 0. Is t composite?
False
Let x be 1*2*(-147)/(-98). Suppose 0 = -x*t, -3*t - 887 = -2*z + z. Is z composite?
False
Suppose -4*d - 50 = -2*f, 2*f = f - 5*d + 18. Let u(q) = 164 + q**2 + 22*q - f*q + 209. Is u(0) prime?
True
Suppose g = y, 2*y = -0*y - 3*g + 10. Suppose -4*j - 6 = -y*r, 0 = j - 6*j + 5*r - 15. Is (11 + j)/(4/20) a prime number?
False
Let a = 56 - 58. Let u be (a - -2)/(9 - 11). Suppose -2*p + 382 = -u*p. Is p a prime number?
True
Suppose 3*l - 263939 = -158*z + 160*z, 5*z - 10 = 0. Is l a prime number?
False
Let l be (-24)/(-9)*(-5)/(20/42). Let j = l + 36. Suppose 3*p - 3164 = -4*h, -p = 4*h - j*h + 3180. Is h a prime number?
False
Suppose -v - 5*z = -0*v + 14432, 4*z + 43296 = -3*v. Let h = 25783 + v. Is